276. Let n(y) = -5*k(y) + 6*p(y). Let c be n(25). What is q(c)?
31
Let x(a) = -a + 3. Let m = -90 + 150. Let t = 62 - m. Calculate x(t).
1
Let g(r) = 3*r**3 + 4*r**2 + 9*r + 10. Let w be g(-1). Let u(q) be the first derivative of -9/2*q**w - 1/4*q**4 + 7/3*q**3 - 3 + 4*q. Give u(6).
-14
Let j(r) be the third derivative of r**6/120 - r**5/3 - 19*r**4/24 - 37*r**3/6 - 41*r**2 - 48. Determine j(21).
5
Let o(f) = 3*f**3 - 2*f + 7. Let z(i) = -i**3 + i - 4. Let b(q) = 3*o(q) + 5*z(q). Let k = -20801 - -20802. Give b(k).
4
Let w(b) be the third derivative of -b**4/12 - 5*b**3/2 + 8712*b**2. Let k be 2 - 1/((-3)/(-30)). Give w(k).
1
Let m(w) = 4*w**3 + w + 1. Suppose 35*k - 29*k = 12. Suppose 58 = -k*u + 56. Determine m(u).
-4
Let h be (-7 + 1)*(-3 - (-4)/2). Suppose -2*g = 2*v - h*v + 10, 3*v = -2*g + 11. Let p(k) = 5*k**2 - k - 1 - 4*k**3 + 0*k**3 + 3*k**3. Determine p(v).
14
Let l(s) = 4*s**2 + 18*s + 18. Let q(p) = -48*p**2 - 192*p - 1. Let r be q(-4). Determine l(r).
4
Let h(t) = t**3 - 4*t**2 + 3*t + 4. Let c = -5 + 8. Let w be h(c). Let o(n) = 7 - n + n**3 - w*n + 6*n - n**2 - 2*n. Determine o(0).
7
Let j(f) = f + 49. Let m be (-2)/4 + (-3129)/298. What is j(m)?
38
Let n = -5654 + 5660. Let b(s) = -s**3 + 8*s**2 - 2*s - 30. What is b(n)?
30
Let v(k) = -k**2 - 3*k - 1. Let l be v(-3). Let m(n) = 2*n - 1. Let p be 2/(4*1*(-3)/12). Let h(i) = i. Let b(t) = p*m(t) + 5*h(t). What is b(l)?
1
Let c(j) = -2*j**2 + 4*j + 7. Let r(u) = 2*u**3 - 126*u**2 - 4*u + 258. Let m be r(63). What is c(m)?
-41
Let h(g) = -2*g - 11. Let w be 2/13 + ((-2)/12 - 95349/(-8658)). Let d(a) = a**3 + 3*a**2 + a + 1. Let k be d(-4). Let c = k + w. Give h(c).
5
Let r = -21 + 30. Let m be 12/(-2) + r + -10. Let h(y) = y**3 + 6*y**2 - 6*y + 10. Determine h(m).
3
Let z = 179 - 183. Let t(y) = 3 - 103*y - 5*y**2 + 98*y + 4*y**2. Determine t(z).
7
Let w(r) = -r**2 - 7*r + 2. Let v(h) = 5*h**2 - 11*h + 19. Let s(k) = 4*k**2 - 11*k + 20. Let y(p) = 4*s(p) - 3*v(p). Let a be y(7). Calculate w(a).
12
Suppose 24*f + 795*r - 799*r = 140, 56 = 3*f - 4*r. Let u(n) = -1 + 0*n**2 - 2*n - 4 + n**2. Give u(f).
3
Let z = 46 + -51. Let y(f) = 2*f**2 - 21*f - 3. Let b(j) = -j**2 + 11*j + 1. Suppose -4*o - 6 = 6. Let m(d) = o*y(d) + z*b(d). What is m(8)?
4
Let u(j) = 114*j**3 + 0*j**2 + j + 2*j**2 - 116*j**3. Let w be (-18)/(-2) + (14*-3)/7. Calculate u(w).
-33
Let m(q) = -11*q - 66. Let s be m(-6). Suppose s = -8*i - 7*i + 30. Let f(a) = -a**3 + 3*a**2 - 2*a + 2. What is f(i)?
2
Suppose 3 = m + 1. Let b(h) = -h**3 + 10*h**2 - 6*h - 20. Let c be b(9). Let p(i) = -2 - 5*i - i**3 - c*i + 14*i - 2*i**2. What is p(m)?
-14
Let b(c) be the first derivative of -1/2*c**2 + 1/3*c**3 - 5*c - 7. Calculate b(-4).
15
Let x(c) be the third derivative of -c**4/6 - 5*c**3/3 + 151*c**2 + 1. What is x(-4)?
6
Let n(h) = -h**3 + 27*h**2 - 27*h + 31. Let y be n(26). Suppose 0 = -m - y*l + 5, -5*m + 2*l = -13 - 12. Let w(j) = -j**2 + 2*j + 4. Calculate w(m).
-11
Let h be (-69)/(-2)*3*(-18)/81*1. Let a(m) = 2*m - 19. What is a(h)?
-65
Suppose l + 1 = 8. Let j be (-4 - (5 + -6)) + l. Let a(q) = 8 - q**3 + 2 - j*q**2 - q - 5. Give a(-4).
9
Let u(r) = -11*r**2 + 63 - 10*r**2 + 68*r**3 - 64 + 22*r**2. What is u(-1)?
-68
Let m(x) be the second derivative of -x**4/12 + x**3/2 + x**2 - x. Suppose -2191*t = -2188*t + 9. Determine m(t).
-16
Let x(j) = -8*j**2 + 4*j - 3. Let k(g) = -20*g + 57*g**2 - 34*g**2 - 4 - g**3 - 32*g**2. Let v be k(-3). What is x(v)?
-27
Let s be (-40)/(-12) - (-1)/(-3). Let u(a) = 6*a - 38. Let q be u(7). Suppose -s*l = l + q. Let g(x) = -9*x**2 - 2*x - 1. Calculate g(l).
-8
Let b(x) be the second derivative of 3*x**3 + 39*x**2/2 - 88*x + 8. Determine b(-3).
-15
Let b(f) = 134 - 42*f**3 + 4*f + 85*f**3 - 42*f**3 - 115 + 9*f**2 - f. Determine b(-9).
-8
Let a(o) = 4*o**2 + 2*o - 1. Let r = -519 - -520. Let s be a(r). Let k(t) = t - 10. Give k(s).
-5
Let c(o) = 2*o + 51. Suppose 5*x - 23 = -4*f - 103, x + 4 = 0. Determine c(f).
21
Let a(k) be the second derivative of -k**5/20 - 7*k**4/6 + 11*k**3/6 + 9*k**2 - 3*k - 4. Determine a(-15).
78
Let u(v) = v + 5. Let m = -3599 - -3594. What is u(m)?
0
Let o(u) be the third derivative of u**4/24 + 5*u**3/6 + 9*u**2. Suppose 0 = -b - 1, 7*i - 22 = 2*i - 3*b. Suppose -i = 4*k - 3*z + 1, 0 = 5*z + 10. Give o(k).
2
Suppose 4*p - 16 = -2*u, 68 = 4*p + u + 56. Let l(k) = -16*k**2 - 3*k + 5. Calculate l(p).
-65
Suppose 44 = 2*d + 34. Suppose -3*a - 6 + 0 = -3*p, 8 = -d*a + 4*p. Let y(x) = x + 8. What is y(a)?
8
Let d(l) = -2*l - 6*l - l + 2*l + 8*l + 4. Determine d(-13).
-9
Let d(k) = -12*k**3 - 23*k**2 - 6*k + 50*k**2 - 2 - 1 + 7*k**3 + 6*k**3 - 23*k**2. Suppose 0 = -4*t - 34 + 14. Calculate d(t).
2
Let m(u) = -30*u + 178. Suppose 183*w - 1043 = 548 - 493. Determine m(w).
-2
Let k(v) be the second derivative of -v**4/12 - 11*v**3/6 + 7*v**2/2 - 71*v + 4. Determine k(-11).
7
Let n = -77 - -75. Let a(t) = 5*t**3 - 3. Determine a(n).
-43
Let a be (8/(-16))/(2/(-2156)). Let b be 4/24 - (a/6)/11. Let m(n) be the third derivative of n**6/120 + 7*n**5/60 - n**4/3 - n**2. What is m(b)?
0
Let o = -18977/4 - -4745. Let n(b) be the first derivative of 4 + 1/3*b**3 + 0*b**2 + o*b**4 + b. What is n(-2)?
-19
Let m(j) = -5*j + 6. Suppose -51*c = -78*c + 324. Suppose c = 8*y - 20. What is m(y)?
-14
Let r(l) = -185*l + 923. Let w be r(5). Let i(t) = t**3 - 2*t**2 - t + 3. Determine i(w).
-11
Let q be 15/6*(-8)/(-10). Let n(a) = -a**q - 5 + 2*a**2 + 1 - 2*a. Let l = 517 + -520. Calculate n(l).
11
Suppose -m = -2*f + 4, 2 = -m + 5*f - 2. Let l(q) = q**2 + 6*q - 6. Let v be l(-7). Let t(r) = v + r - r**3 + 10 + 0*r**3 - 6 - 4*r**2. Calculate t(m).
1
Let c(j) = -j**3 - 4*j**2 + 8*j + 9. Let g(x) = 3*x**2 + 33*x + 49. Let a be -3 - -1 - -8 - (-2 + 17). Let n be g(a). Calculate c(n).
-6
Let z(l) = -29*l**3 + 7*l**3 - 610 + 5*l**2 + 13*l**3 + 601 + 7*l + 8*l**3. Calculate z(5).
26
Suppose -420 + 511 = 13*m. Let l(d) = d**3 - 11*d**2 + 25*d + 24. Give l(m).
3
Let l(v) = -15*v - 749. Let c(i) = i. Let b(n) = 19*c(n) - l(n). Give b(-22).
1
Let t(r) = 100*r - 153. Let l(v) = 64*v - 102. Let j(y) = -11*l(y) + 7*t(y). Determine j(11).
7
Let i(v) = 2*v + 6. Let u = 28 - 47. Let k(j) be the first derivative of j**3/3 + 17*j**2/2 - 43*j - 3. Let z be k(u). Calculate i(z).
-4
Let s(l) be the third derivative of l**5/60 + l**4/4 - 20*l**3/3 - 95*l**2 - 1. Give s(5).
15
Let t(k) = -k**2 - 5*k - 6. Suppose -7*u + 212 = 100. Let d be (60/u)/(30/(-40)). Calculate t(d).
-6
Let a = -116 - -122. Let n(r) = -r + a*r**3 + 5 - 6*r**3 + 2*r**3 - r**3. Let g = 11 + -11. What is n(g)?
5
Let r(h) = -2*h**2 + h + 22. Suppose 0 = 42*s - 83*s + 164. Give r(s).
-6
Let r(l) = -3*l + 3*l - 8*l**2 + l**3 - 9. Suppose -7185*m + 7105*m = -640. Determine r(m).
-9
Let z be 3/((-6)/4) - 72/1044*29. Let o(d) = 44*d + 171. Determine o(z).
-5
Suppose -14*i + 9*i - 42 = 4*k, i + 18 = -4*k. Let q(u) = -u**3 - 3*u**2 - 7*u - 19. Calculate q(k).
2
Let c(v) = -v**3 + 10*v**2. Suppose -301*s = -4044 + 1034. Give c(s).
0
Suppose 0 = -6*u + 9*u. Let y be (-306)/(-408)*(-4 - u)*-1. Let z(l) be the third derivative of -l**4/12 - 2*l**3/3 + 23*l**2. What is z(y)?
-10
Let w(o) = -32*o + 116*o - 40*o - 38*o - 12*o**2 + 5. What is w(-1)?
-13
Let d(z) = -z - 1. Let j = 13248 - 13253. Determine d(j).
4
Suppose -3*o + 11 - 2 = 0. Let u(f) = -4*f - 8. Let n(b) = 3*b + 7. Suppose 31*x = 21*x + 40. Let w(m) = x*u(m) + 5*n(m). Give w(o).
0
Suppose 28 = -2*k + 2*b, 0 = -3*k + b - 6*b - 58. Let q = k + 15. Let c(v) be the third derivative of -7*v**4/24 - 117*v**2. Calculate c(q).
7
Let f(y) = y**3 - 12*y**2 + 8*y - 19. Suppose -4*p = -b - 45, 5*b - 170 + 191 = 3*p. Give f(p).
77
Let s(i) = -i - 2. Let o(h) = -31*h + 54 - 34*h + 66*h. Let f be o(16). Let n = f + -73. What is s(n)?
1
Let j(m) be the third derivative of -m**7/5040 - m**6/720 + m**5/15 - 2*m**2. Let h(x) be the third derivative of j(x). Suppose -22 = 38*z - 49*z. What is h(z)?
-3
Let k(h) = h**3 + 8*h**2 + 7*h + 2. Let f(s) = -s**3 - s**2 + 10*s + 8. Suppose u - 1 = -5. Let c be f(u). Suppose -35 = 21*p - c*p. Calculate k(p).
2
Let l(f) = -f**3 - 17*f**2 + 18*f + 8. Let m(d) = 69*d - 432. Let a be m(6). Calculate l(a).
8
Let j(o) = -115*o + 74. Let a(b) = -117*b + 61. Let d(w) = 6*a(w) 